s divided by k.
16
Suppose -396*y = -426*y + 41970. What is the remainder when y is divided by 117?
112
Suppose 228*d - 229*d = -4*u + 80, 2*u + 5*d = 62. Let t(n) = 7*n**2 - 5*n + 8. Calculate the remainder when t(6) is divided by u.
20
Suppose -4*d + 5*g = -40, -14*d - 21 = -15*d + 4*g. Suppose 34*n - 39*n - 3*u + 164 = 0, -4*n + d*u = -146. Calculate the remainder when n is divided by 21.
13
Let z = -89 + 129. Suppose 24730 = 43*u - 19306 + 14839. Calculate the remainder when u is divided by z.
39
Suppose 4*l + 12 = h, -2*h - 12 = -0*l + 4*l. Suppose h = -v - 0*v + 16. Let g(m) = -5*m**2 - 405*m + 9. Calculate the remainder when v is divided by g(0).
7
Let x(v) = -406*v + 1808. Calculate the remainder when x(3) is divided by 196.
2
Let b = -396 - -964. Suppose 0 = 4*d - 6*d + b. What is the remainder when d is divided by 17?
12
Suppose 3*p - 70 = 89. Let s = 3781 - 3778. Suppose s - p = -k. Calculate the remainder when k is divided by 17.
16
Let s(p) = 3*p**2 - 123*p - 50. Let o = 70 - 30. What is the remainder when s(42) is divided by o?
36
Suppose 3*z - 15 = -l, -2*z + 5*l - 8 = -1. Suppose z*r + 2*q - 420 = 0, -3 = 3*q + 3. Let y = r - 19. Calculate the remainder when y is divided by 23.
18
Let w(j) = -j**3 + 14*j**2 - 34*j - 10. Let k(x) = 6*x**2 - 10*x + 3. Let p be k(2). Calculate the remainder when w(p) is divided by 32.
31
Let r = -733 - -800. Let t = -140 - -76. Calculate the remainder when 3/(t/r - (-3)/3) is divided by 14.
11
Let y = 83 - 84. Let k be (-2737)/(-28) - y/4. Suppose -96*m = -k*m + 100. Calculate the remainder when m is divided by 13.
11
Let z be (11 + -1336)*(-6)/15. Let g = -528 + z. Let q = -8 + 14. Calculate the remainder when q is divided by g.
0
What is the remainder when 689 is divided by 7/(5 - 684/138) + 8?
13
Suppose -2*o + 151 + 385 = g, 0 = o. Suppose 8*j = -g + 2000. Calculate the remainder when j is divided by 37.
35
Let b = 334 + -317. Suppose 7*q - b*q + 340 = 0. Calculate the remainder when q is divided by 24.
10
Suppose -5*q - 16 = 29. Let h be ((-6)/3)/(q/(-48))*-6. Suppose -h = -2*t - 12. What is the remainder when 66 is divided by t?
14
Let z be (-4 + (-21)/(-6))*0. Suppose z*y - y + 2 = 0. Suppose -4*s + 67 = -c, y*c = -s - 0*c + 19. Calculate the remainder when 67 is divided by s.
16
Suppose 5*j = 8*j. Suppose -l - 12 - 12 = j. Calculate the remainder when 119 is divided by l/(-1)*5/4.
29
Let j = -317 - -511. What is the remainder when j is divided by (80/6)/(10/30)?
34
Suppose -r = -3*l + 78, 136 - 6 = 5*l - r. Let x(s) = -410*s - 1958. What is the remainder when x(-5) is divided by l?
14
Calculate the remainder when ((-11560)/2601)/((-2)/99) is divided by 97.
26
Let j(v) = v**2 - 16*v + 87. Calculate the remainder when (2*-1 - 73)*-1 is divided by j(6).
21
Suppose o + 103 = 2*u, -u + o + 3*o + 41 = 0. Suppose 6*w = 34*w - 3696. Let d = w + -112. What is the remainder when u is divided by d?
13
Suppose -g + 2*g - 2 = 0. Let r = -810 - -819. Calculate the remainder when 2 + 2 + 62/g is divided by r.
8
Let d(i) = 2*i**2 + 3*i - 20. Let m be d(6). Let u = -175 + m. Let b = u + 188. Calculate the remainder when b is divided by 12.
11
Calculate the remainder when 583 is divided by 26/(-39)*(-6)/4*(-12 + 85).
72
Let v = -1495 - -2133. What is the remainder when v is divided by 27?
17
Suppose -22859 = -4*d + 68*x - 65*x, d + 5*x - 5732 = 0. Calculate the remainder when d is divided by 20.
17
Let h(x) = 2*x**2 + 46*x + 348. Calculate the remainder when 437 is divided by h(-10).
85
Suppose -3*t + 26 = -12*r + 14*r, -2*r = -2. Let a(z) = 4*z**2 - 6*z + 34. Calculate the remainder when a(t) is divided by 13.
8
Let w = -96362 - -96394. Let h = 81 - 28. What is the remainder when h is divided by w?
21
Let f = 452 - 449. Suppose 0 = 3*y - 5*j - 31, -y - 5*j = -f*y + 19. What is the remainder when 22 is divided by y?
10
Let k(p) = p**2 + 34 + 0*p - 14 - 16 + 2*p. Let t be k(0). Suppose t*a - 5*a + 17 = f, 2*a + f = 35. Calculate the remainder when a is divided by 5.
3
Suppose -40570 = -54*r - 48*r + 89786. What is the remainder when r is divided by 128?
126
Let b = -6 + 12. Calculate the remainder when ((-450)/4)/((-2)/(-14)*2422/(-692)) is divided by b.
3
Let u be (-4)/(-14) - (-2 + (-32)/(-14)). Suppose -56 = -4*w - u*m - 5*m, -2*m - 70 = -5*w. Calculate the remainder when 54 is divided by w.
12
Suppose -2*q = 0, -4*y - 2*q = 2*q - 444. Suppose -12*c + 4*c + 24 = 0. What is the remainder when y is divided by (c + (-7)/2)/(1/(-38))?
16
Let a = -20695 - -20766. What is the remainder when 915 is divided by a?
63
Suppose 50*s + 202612 = 198*s. What is the remainder when s is divided by 5?
4
Let k = 2986 - 2978. What is the remainder when 765 is divided by k?
5
Let a(g) = g**2 + 6*g + 3. Let m be 11/2 - 2/4. Let r = -756 + 777. Calculate the remainder when a(m) is divided by r.
16
Let b = 312 - 185. Let w be -78*(-1)/2 - -4. Suppose o = 5*g + 31, 5*o = -g + 86 + w. What is the remainder when b is divided by o?
23
Let h be (-25)/(-2) + 9/18 - -1. Suppose 0 = h*m - 15*m + 72. What is the remainder when 143 is divided by m?
71
Suppose 0 = -3*v - 3, 0 = 2*l - 4*v - 328 + 304. What is the remainder when 314 is divided by l?
4
Let d be 14/(5 - 204/42). Suppose -24*m + 334 + d = 0. Calculate the remainder when (-67)/(-2) + 2/4 is divided by m.
16
Let c(y) = 3*y**3 + 5 - 4*y**3 - y**2 - 2 + 12 - 2*y. Suppose k + 5*j - 69 = 0, 11*k - 13*k - 4*j = -108. Calculate the remainder when k is divided by c(0).
14
What is the remainder when 72732/247 - (-6)/(-13) is divided by 156/(-4 + 8) + -2?
35
Suppose 0 = 2*q - 3*o - 387, 4*o = -3*q - 0*o + 572. Let u = q - -46. Let x = 158 + -134. Calculate the remainder when u is divided by x.
22
Suppose -k = 11 + 17. Suppose 1 = -155*p + 164*p - 8. Calculate the remainder when (k + 24)/((-30)/(-34) - p) is divided by 5.
4
Let s = 11369 + -11230. What is the remainder when 746 is divided by s?
51
Suppose -13*l = -297*l + 4469 + 4903. What is the remainder when 2/((-1)/(-99)*2) is divided by l?
0
Let m(l) = 14*l - 388. What is the remainder when 892 is divided by m(33)?
4
Let d(j) = -5*j**3 + 144*j**2 - 110*j + 27. Calculate the remainder when 1257 is divided by d(28).
12
Let f be (0/(-7 + 0))/(-2). Calculate the remainder when (f + (-12)/(-8))/(1/2) is divided by 2.
1
Let p = 17924 - 17583. Calculate the remainder when p is divided by 51.
35
Let w = -2592 - -2695. What is the remainder when 123 is divided by w?
20
Let h be (3 - 1 - 7) + -10 + 3. Let m(t) = 9*t + 266. Calculate the remainder when m(h) is divided by 33.
26
Let g be -1*3*(-10)/3. Let p(r) be the first derivative of r**4/4 - 10*r**3/3 + 3*r**2/2 + 5*r + 123. What is the remainder when p(g) is divided by 12?
11
Let v be 33/(8/(816/18)). Suppose 8*j = -s + 5*j + v, -5*s + 974 = 2*j. Calculate the remainder when s is divided by 40.
36
Let r = -94 + 69. Let n = 20 - 5. Calculate the remainder when 220/r*5*-1 is divided by n.
14
Let h(u) be the third derivative of 13*u**4/12 + 18*u**3 - 2*u**2 + 7. Let f(t) = 2*t**2 - 5*t - 3. What is the remainder when f(4) is divided by h(-4)?
1
Suppose -2014 = 16*x + 578. Let i(l) = -5*l**2 - 7*l. Let n be i(-5). Let b = n - x. Calculate the remainder when b is divided by 15.
12
Suppose 463*h - d + 211 = 468*h, -2*h + 3*d = -81. Let f(s) = 51*s + 4. Calculate the remainder when f(4) is divided by h.
40
Let r(i) = -3*i**2 - 73*i - 10. Let w be r(-24). Suppose 12120 = 16*d + w*d. What is the remainder when d is divided by 29?
27
Let x = -1586 + 1615. What is the remainder when 99 is divided by x?
12
Let j(n) = -3*n**3 - 23*n - 131. What is the remainder when 424 is divided by j(-4)?
118
Suppose -4*m + 23 - 3 = 0. Suppose m*x - 3*q = 28, -26*x + 44 = -23*x + 5*q. Calculate the remainder when x is divided by 7.
1
Let u be 5*(-18)/105*147/(-3). Suppose -i + 361 = -r, i + 38*r - 364 = u*r. Calculate the remainder when i is divided by 73.
68
Let b = -966 - -989. Suppose 5*w = 4*k + 435, 4*k - 52 = -2*w + 122. What is the remainder when w is divided by b?
18
Let v = -2489 + 2527. Calculate the remainder when 102 is divided by v.
26
Suppose -3*h = -4*g + 404, -161*h + 160*h = -g + 101. Calculate the remainder when 3224 is divided by g.
93
Let l(f) = -24*f - 7. Let o(a) = a**2 + 12 - 1 - 7*a + 10. W